{"id":706,"date":"2025-06-16T06:09:34","date_gmt":"2025-06-16T04:09:34","guid":{"rendered":"https:\/\/www.kibuc.com\/?post_type=tienda&#038;p=706"},"modified":"2026-04-08T14:05:45","modified_gmt":"2026-04-08T12:05:45","slug":"kibuc-albufera","status":"publish","type":"tienda","link":"https:\/\/www.kibuc.com\/tienda\/kibuc-albufera\/","title":{"rendered":"KIBUC Albufera"},"template":"","meta":{"_acf_changed":false},"class_list":["post-706","tienda","type-tienda","status-publish","hentry"],"acf":[],"yoast_head":"<!-- This site is optimized with the Yoast SEO plugin v26.4 - https:\/\/yoast.com\/wordpress\/plugins\/seo\/ -->\n<title>Tienda de muebles modernos. Dise\u00f1o y calidad | KIBUC Albufera<\/title>\n<meta name=\"description\" content=\"Descubre nuestros muebles de dise\u00f1o, modernos y personalizados en KIBUC. Sof\u00e1s, dormitorios, comedores y m\u00e1s con asesoramiento experto en Albufera.\" \/>\n<meta name=\"robots\" content=\"index, follow, max-snippet:-1, max-image-preview:large, max-video-preview:-1\" \/>\n<link rel=\"canonical\" href=\"https:\/\/www.kibuc.com\/tienda\/kibuc-albufera\/\" \/>\n<meta property=\"og:locale\" content=\"es_ES\" \/>\n<meta property=\"og:type\" content=\"article\" \/>\n<meta property=\"og:title\" content=\"Tienda de muebles modernos. Dise\u00f1o y calidad | KIBUC Albufera\" \/>\n<meta property=\"og:description\" content=\"Descubre nuestros muebles de dise\u00f1o, modernos y personalizados en KIBUC. Sof\u00e1s, dormitorios, comedores y m\u00e1s con asesoramiento experto en Albufera.\" \/>\n<meta property=\"og:url\" content=\"https:\/\/www.kibuc.com\/tienda\/kibuc-albufera\/\" \/>\n<meta property=\"og:site_name\" content=\"KIBUC\" \/>\n<meta property=\"article:modified_time\" content=\"2026-04-08T12:05:45+00:00\" \/>\n<meta name=\"twitter:card\" content=\"summary_large_image\" \/>\n<script type=\"application\/ld+json\" class=\"yoast-schema-graph\">{\"@context\":\"https:\/\/schema.org\",\"@graph\":[{\"@type\":\"WebPage\",\"@id\":\"https:\/\/www.kibuc.com\/tienda\/kibuc-albufera\/\",\"url\":\"https:\/\/www.kibuc.com\/tienda\/kibuc-albufera\/\",\"name\":\"Tienda de muebles modernos. Dise\u00f1o y calidad | KIBUC Albufera\",\"isPartOf\":{\"@id\":\"https:\/\/www.kibuc.com\/tienda\/#website\"},\"datePublished\":\"2025-06-16T04:09:34+00:00\",\"dateModified\":\"2026-04-08T12:05:45+00:00\",\"description\":\"Descubre nuestros muebles de dise\u00f1o, modernos y personalizados en KIBUC. Sof\u00e1s, dormitorios, comedores y m\u00e1s con asesoramiento experto en Albufera.\",\"breadcrumb\":{\"@id\":\"https:\/\/www.kibuc.com\/tienda\/kibuc-albufera\/#breadcrumb\"},\"inLanguage\":\"es\",\"potentialAction\":[{\"@type\":\"ReadAction\",\"target\":[\"https:\/\/www.kibuc.com\/tienda\/kibuc-albufera\/\"]}]},{\"@type\":\"BreadcrumbList\",\"@id\":\"https:\/\/www.kibuc.com\/tienda\/kibuc-albufera\/#breadcrumb\",\"itemListElement\":[{\"@type\":\"ListItem\",\"position\":1,\"name\":\"Portada\",\"item\":\"https:\/\/www.kibuc.com\/tienda\/\"},{\"@type\":\"ListItem\",\"position\":2,\"name\":\"KIBUC Albufera\"}]},{\"@type\":\"WebSite\",\"@id\":\"https:\/\/www.kibuc.com\/tienda\/#website\",\"url\":\"https:\/\/www.kibuc.com\/tienda\/\",\"name\":\"KIBUC\",\"description\":\"Tienda de Muebles y Complementos del Hogar\",\"publisher\":{\"@id\":\"https:\/\/www.kibuc.com\/tienda\/#organization\"},\"potentialAction\":[{\"@type\":\"SearchAction\",\"target\":{\"@type\":\"EntryPoint\",\"urlTemplate\":\"https:\/\/www.kibuc.com\/tienda\/?s={search_term_string}\"},\"query-input\":{\"@type\":\"PropertyValueSpecification\",\"valueRequired\":true,\"valueName\":\"search_term_string\"}}],\"inLanguage\":\"es\"},{\"@type\":\"Organization\",\"@id\":\"https:\/\/www.kibuc.com\/tienda\/#organization\",\"name\":\"KIBUC\",\"url\":\"https:\/\/www.kibuc.com\/tienda\/\",\"logo\":{\"@type\":\"ImageObject\",\"inLanguage\":\"es\",\"@id\":\"https:\/\/www.kibuc.com\/tienda\/#\/schema\/logo\/image\/\",\"url\":\"https:\/\/www.kibuc.com\/tienda\/wp-content\/uploads\/2025\/04\/Logos_Kibuc_N_CAST-350x136-1.png\",\"contentUrl\":\"https:\/\/www.kibuc.com\/tienda\/wp-content\/uploads\/2025\/04\/Logos_Kibuc_N_CAST-350x136-1.png\",\"width\":350,\"height\":136,\"caption\":\"KIBUC\"},\"image\":{\"@id\":\"https:\/\/www.kibuc.com\/tienda\/#\/schema\/logo\/image\/\"}}]}<\/script>\n<!-- \/ Yoast SEO plugin. -->","yoast_head_json":{"title":"Tienda de muebles modernos. Dise\u00f1o y calidad | KIBUC Albufera","description":"Descubre nuestros muebles de dise\u00f1o, modernos y personalizados en KIBUC. Sof\u00e1s, dormitorios, comedores y m\u00e1s con asesoramiento experto en Albufera.","robots":{"index":"index","follow":"follow","max-snippet":"max-snippet:-1","max-image-preview":"max-image-preview:large","max-video-preview":"max-video-preview:-1"},"canonical":"https:\/\/www.kibuc.com\/tienda\/kibuc-albufera\/","og_locale":"es_ES","og_type":"article","og_title":"Tienda de muebles modernos. Dise\u00f1o y calidad | KIBUC Albufera","og_description":"Descubre nuestros muebles de dise\u00f1o, modernos y personalizados en KIBUC. Sof\u00e1s, dormitorios, comedores y m\u00e1s con asesoramiento experto en Albufera.","og_url":"https:\/\/www.kibuc.com\/tienda\/kibuc-albufera\/","og_site_name":"KIBUC","article_modified_time":"2026-04-08T12:05:45+00:00","twitter_card":"summary_large_image","schema":{"@context":"https:\/\/schema.org","@graph":[{"@type":"WebPage","@id":"https:\/\/www.kibuc.com\/tienda\/kibuc-albufera\/","url":"https:\/\/www.kibuc.com\/tienda\/kibuc-albufera\/","name":"Tienda de muebles modernos. Dise\u00f1o y calidad | KIBUC Albufera","isPartOf":{"@id":"https:\/\/www.kibuc.com\/tienda\/#website"},"datePublished":"2025-06-16T04:09:34+00:00","dateModified":"2026-04-08T12:05:45+00:00","description":"Descubre nuestros muebles de dise\u00f1o, modernos y personalizados en KIBUC. Sof\u00e1s, dormitorios, comedores y m\u00e1s con asesoramiento experto en Albufera.","breadcrumb":{"@id":"https:\/\/www.kibuc.com\/tienda\/kibuc-albufera\/#breadcrumb"},"inLanguage":"es","potentialAction":[{"@type":"ReadAction","target":["https:\/\/www.kibuc.com\/tienda\/kibuc-albufera\/"]}]},{"@type":"BreadcrumbList","@id":"https:\/\/www.kibuc.com\/tienda\/kibuc-albufera\/#breadcrumb","itemListElement":[{"@type":"ListItem","position":1,"name":"Portada","item":"https:\/\/www.kibuc.com\/tienda\/"},{"@type":"ListItem","position":2,"name":"KIBUC Albufera"}]},{"@type":"WebSite","@id":"https:\/\/www.kibuc.com\/tienda\/#website","url":"https:\/\/www.kibuc.com\/tienda\/","name":"KIBUC","description":"Tienda de Muebles y Complementos del Hogar","publisher":{"@id":"https:\/\/www.kibuc.com\/tienda\/#organization"},"potentialAction":[{"@type":"SearchAction","target":{"@type":"EntryPoint","urlTemplate":"https:\/\/www.kibuc.com\/tienda\/?s={search_term_string}"},"query-input":{"@type":"PropertyValueSpecification","valueRequired":true,"valueName":"search_term_string"}}],"inLanguage":"es"},{"@type":"Organization","@id":"https:\/\/www.kibuc.com\/tienda\/#organization","name":"KIBUC","url":"https:\/\/www.kibuc.com\/tienda\/","logo":{"@type":"ImageObject","inLanguage":"es","@id":"https:\/\/www.kibuc.com\/tienda\/#\/schema\/logo\/image\/","url":"https:\/\/www.kibuc.com\/tienda\/wp-content\/uploads\/2025\/04\/Logos_Kibuc_N_CAST-350x136-1.png","contentUrl":"https:\/\/www.kibuc.com\/tienda\/wp-content\/uploads\/2025\/04\/Logos_Kibuc_N_CAST-350x136-1.png","width":350,"height":136,"caption":"KIBUC"},"image":{"@id":"https:\/\/www.kibuc.com\/tienda\/#\/schema\/logo\/image\/"}}]}},"_links":{"self":[{"href":"https:\/\/www.kibuc.com\/tienda\/wp-json\/wp\/v2\/tienda\/706","targetHints":{"allow":["GET"]}}],"collection":[{"href":"https:\/\/www.kibuc.com\/tienda\/wp-json\/wp\/v2\/tienda"}],"about":[{"href":"https:\/\/www.kibuc.com\/tienda\/wp-json\/wp\/v2\/types\/tienda"}],"version-history":[{"count":7,"href":"https:\/\/www.kibuc.com\/tienda\/wp-json\/wp\/v2\/tienda\/706\/revisions"}],"predecessor-version":[{"id":1736,"href":"https:\/\/www.kibuc.com\/tienda\/wp-json\/wp\/v2\/tienda\/706\/revisions\/1736"}],"wp:attachment":[{"href":"https:\/\/www.kibuc.com\/tienda\/wp-json\/wp\/v2\/media?parent=706"}],"curies":[{"name":"wp","href":"https:\/\/api.w.org\/{rel}","templated":true}]}}

<!-- This site is optimized with the Yoast SEO plugin v26.4 - https://yoast.com/wordpress/plugins/seo/ -->
<title>Tienda de muebles modernos. Diseño y calidad | KIBUC Albufera</title>
<meta name="description" content="Descubre nuestros muebles de diseño, modernos y personalizados en KIBUC. Sofás, dormitorios, comedores y más con asesoramiento experto en Albufera." />
<meta name="robots" content="index, follow, max-snippet:-1, max-image-preview:large, max-video-preview:-1" />
<link rel="canonical" href="https://www.kibuc.com/tienda/kibuc-albufera/" />
<meta property="og:locale" content="es_ES" />
<meta property="og:type" content="article" />
<meta property="og:title" content="Tienda de muebles modernos. Diseño y calidad | KIBUC Albufera" />
<meta property="og:description" content="Descubre nuestros muebles de diseño, modernos y personalizados en KIBUC. Sofás, dormitorios, comedores y más con asesoramiento experto en Albufera." />
<meta property="og:url" content="https://www.kibuc.com/tienda/kibuc-albufera/" />
<meta property="og:site_name" content="KIBUC" />
<meta property="article:modified_time" content="2026-04-08T12:05:45+00:00" />
<meta name="twitter:card" content="summary_large_image" />
<script type="application/ld+json" class="yoast-schema-graph">{"@context":"https://schema.org","@graph":[{"@type":"WebPage","@id":"https://www.kibuc.com/tienda/kibuc-albufera/","url":"https://www.kibuc.com/tienda/kibuc-albufera/","name":"Tienda de muebles modernos. Diseño y calidad | KIBUC Albufera","isPartOf":{"@id":"https://www.kibuc.com/tienda/#website"},"datePublished":"2025-06-16T04:09:34+00:00","dateModified":"2026-04-08T12:05:45+00:00","description":"Descubre nuestros muebles de diseño, modernos y personalizados en KIBUC. Sofás, dormitorios, comedores y más con asesoramiento experto en Albufera.","breadcrumb":{"@id":"https://www.kibuc.com/tienda/kibuc-albufera/#breadcrumb"},"inLanguage":"es","potentialAction":[{"@type":"ReadAction","target":["https://www.kibuc.com/tienda/kibuc-albufera/"]}]},{"@type":"BreadcrumbList","@id":"https://www.kibuc.com/tienda/kibuc-albufera/#breadcrumb","itemListElement":[{"@type":"ListItem","position":1,"name":"Portada","item":"https://www.kibuc.com/tienda/"},{"@type":"ListItem","position":2,"name":"KIBUC Albufera"}]},{"@type":"WebSite","@id":"https://www.kibuc.com/tienda/#website","url":"https://www.kibuc.com/tienda/","name":"KIBUC","description":"Tienda de Muebles y Complementos del Hogar","publisher":{"@id":"https://www.kibuc.com/tienda/#organization"},"potentialAction":[{"@type":"SearchAction","target":{"@type":"EntryPoint","urlTemplate":"https://www.kibuc.com/tienda/?s={search_term_string}"},"query-input":{"@type":"PropertyValueSpecification","valueRequired":true,"valueName":"search_term_string"}}],"inLanguage":"es"},{"@type":"Organization","@id":"https://www.kibuc.com/tienda/#organization","name":"KIBUC","url":"https://www.kibuc.com/tienda/","logo":{"@type":"ImageObject","inLanguage":"es","@id":"https://www.kibuc.com/tienda/#/schema/logo/image/","url":"https://www.kibuc.com/tienda/wp-content/uploads/2025/04/Logos_Kibuc_N_CAST-350x136-1.png","contentUrl":"https://www.kibuc.com/tienda/wp-content/uploads/2025/04/Logos_Kibuc_N_CAST-350x136-1.png","width":350,"height":136,"caption":"KIBUC"},"image":{"@id":"https://www.kibuc.com/tienda/#/schema/logo/image/"}}]}</script>
<!-- / Yoast SEO plugin. -->

Tienda de muebles modernos. Diseño y calidad | KIBUC Albufera

Descubre nuestros muebles de diseño, modernos y personalizados en KIBUC. Sofás, dormitorios, comedores y más con asesoramiento experto en Albufera.
